ommon divisor of 18308 and 444.
4
Calculate the highest common divisor of 127104 and 25818.
1986
What is the greatest common divisor of 170 and 10793810?
170
Calculate the highest common divisor of 66615 and 15.
15
What is the greatest common divisor of 3700 and 19795?
185
What is the highest common divisor of 13804 and 1798?
58
What is the highest common factor of 510 and 90100?
170
Calculate the highest common factor of 2784 and 19320.
24
Calculate the greatest common factor of 607302 and 522.
18
Calculate the greatest common divisor of 7530 and 30.
30
What is the greatest common divisor of 486 and 2655342?
162
Calculate the highest common factor of 176 and 50798.
22
Calculate the highest common divisor of 57 and 41781.
57
What is the highest common divisor of 86 and 1241582?
86
Calculate the highest common divisor of 135 and 1593.
27
Calculate the highest common divisor of 16755 and 30.
15
Calculate the highest common factor of 96 and 786.
6
Calculate the highest common factor of 38947 and 696.
29
What is the highest common divisor of 415312 and 8738?
514
Calculate the highest common divisor of 399568 and 2912.
208
Calculate the highest common factor of 29475 and 2475.
225
Calculate the greatest common divisor of 5021 and 1.
1
Calculate the highest common divisor of 275 and 687775.
275
Calculate the highest common factor of 160 and 7711040.
160
What is the highest common factor of 6882 and 107892?
222
What is the highest common divisor of 29016 and 540?
36
Calculate the greatest common divisor of 306438 and 66.
66
What is the greatest common divisor of 5436 and 17748?
36
Calculate the highest common factor of 96 and 450768.
48
Calculate the greatest common factor of 21600 and 20.
20
Calculate the greatest common factor of 736 and 30751.
23
Calculate the highest common divisor of 136 and 60724.
68
What is the greatest common factor of 4208 and 47077?
263
What is the highest common factor of 801 and 243?
9
Calculate the greatest common factor of 14 and 1547154.
14
What is the highest common factor of 14 and 283262?
14
Calculate the greatest common factor of 28 and 606242.
14
Calculate the highest common divisor of 115241 and 20503.
707
What is the greatest common factor of 315 and 3990?
105
Calculate the highest common divisor of 2781 and 121128.
309
Calculate the highest common factor of 982461 and 371.
53
What is the highest common divisor of 720 and 7632?
144
What is the greatest common factor of 9129 and 867?
51
Calculate the greatest common factor of 17576 and 260.
52
Calculate the highest common factor of 1330 and 3885.
35
Calculate the greatest common factor of 113 and 132.
1
What is the highest common divisor of 21 and 460005?
21
Calculate the greatest common divisor of 461 and 492809.
461
What is the highest common factor of 310 and 486?
2
Calculate the highest common divisor of 108 and 4551984.
108
Calculate the highest common factor of 25957 and 1542.
257
What is the greatest common factor of 635148 and 1188?
108
What is the highest common factor of 2970 and 1760?
110
What is the greatest common factor of 39210 and 30?
30
Calculate the highest common factor of 15576408 and 888.
888
What is the highest common divisor of 12 and 2337252?
12
Calculate the highest common divisor of 543 and 2870298.
543
What is the highest common factor of 122591 and 4648?
581
Calculate the highest common factor of 22175 and 200.
25
Calculate the highest common divisor of 15 and 254715.
15
What is the greatest common factor of 18327 and 656?
41
What is the highest common divisor of 522 and 12254472?
522
What is the greatest common divisor of 1418266 and 1154?
1154
What is the highest common factor of 1024 and 239104?
512
Calculate the highest common divisor of 400 and 4496.
16
Calculate the greatest common factor of 163581 and 231.
33
What is the greatest common divisor of 548 and 405794?
274
Calculate the greatest common divisor of 14592 and 1710.
114
Calculate the highest common factor of 4576 and 4928.
352
What is the highest common divisor of 4395 and 291828?
879
Calculate the highest common factor of 141451 and 111.
37
What is the highest common factor of 119988 and 133056?
1188
Calculate the greatest common divisor of 153 and 63.
9
What is the highest common factor of 147 and 16715517?
147
Calculate the highest common divisor of 1226673 and 126.
63
Calculate the greatest common factor of 205 and 39647.
41
Calculate the greatest common factor of 2360025 and 225.
225
What is the greatest common divisor of 1648472 and 28?
28
Calculate the greatest common divisor of 84 and 10524.
12
What is the highest common factor of 20 and 5425?
5
Calculate the highest common divisor of 3216 and 592146.
402
Calculate the highest common divisor of 594 and 2145.
33
Calculate the highest common factor of 18 and 30411.
9
What is the highest common divisor of 1 and 259194?
1
Calculate the highest common divisor of 1272 and 328.
8
Calculate the greatest common factor of 13347 and 9.
9
Calculate the greatest common divisor of 321 and 477969.
321
Calculate the greatest common factor of 11453 and 3.
1
What is the greatest common factor of 20141820 and 298?
298
Calculate the highest common factor of 2924 and 1634.
86
Calculate the highest common divisor of 6 and 591.
3
Calculate the highest common factor of 131460 and 6636.
84
Calculate the greatest common divisor of 145566 and 2016.
18
Calculate the highest common factor of 980 and 800.
20
What is the highest common divisor of 714 and 793016?
238
Calculate the greatest common factor of 118693 and 304.
19
Calculate the highest common factor of 2130490 and 92.
46
Calculate the greatest common factor of 160 and 2368.
32
Calculate the highest common factor of 132012 and 96.
12
What is the greatest common factor of 1004 and 1110173?
251
What is the greatest common divisor of 1144 and 194194?
286
Calculate the greatest common factor of 2597 and 3987879.
371
What is the highest common factor of 246 and 3936?
246
Calculate the highest common divisor of 32364 and 238824.
1116
Calculate the highest common divisor of 800812 and 328.
164
Calculate the highest common divisor of 55682 and 44.
22
Calculate the greatest common divisor of 10732 and 44.
4
Calculate the greatest common divisor of 7 and 6822186.
7
Calculate the greatest common divisor of 697 and 60044.
17
What is the highest common factor of 225925 and 875?
175
Calculate the greatest common factor of 25 and 24.
1
What is the greatest common divisor of 486 and 199044?
54
What is the highest common factor of 57753 and 126?
9
Calculate the highest common divisor of 7604325 and 225.
225
Calculate the highest common divisor of 72 and 11142.
18
Calculate the greatest common factor of 5390 and 1980.
110
What is the greatest common factor of 24 and 22?
2
What is the highest common divisor of 54201 and 1334?
29
Calculate the highest common divisor of 471328 and 26884.
572
Calculate the greatest common divisor of 12 and 51564.
12
Calculate the greatest common factor of 74718 and 252.
126
Calculate the highest common divisor of 150 and 4790250.
150
Calculate the greatest common divisor of 355 and 46008.
71
What is the highest common factor of 644 and 15792?
28
What is the highest common factor of 152 and 444353?
19
Calculate the greatest common divisor of 72 and 265392.
72
What is the greatest common factor of 1649 and 3570?
17
Calculate the highest common divisor of 5502 and 65238.
786
What is the greatest common factor of 1275 and 31375?
25
What is the greatest common factor of 10481 and 892?
223
Calculate the highest common divisor of 1060 and 457655.
265
Calculate the greatest common divisor of 108 and 19044.
36
What is the greatest common divisor of 668145 and 75?
15
Calculate the highest common factor of 380 and 245580.
20
What is the greatest common divisor of 144 and 128376?
72
Calculate the greatest common divisor of 102035 and 5.
5
What is the greatest common factor of 822 and 23838?
822
Calculate the greatest common divisor of 29 and 14732.
29
What is the greatest common divisor of 783 and 5075?
29
What is the greatest common factor of 630595 and 7123?
419
What is the greatest common divisor of 2032 and 288?
16
Calculate the highest common factor of 661118 and 488.
122
Cal